= 4*u - 50 - 322, 0 = -3*m - 5*u - 238. Let a = m + 130. What is the greatest common divisor of a and 6?
6
Let t = -2938 + 2951. What is the highest common divisor of t and 949?
13
Suppose 7*v = -3*x + 10*v + 861, 3*v - 1155 = -4*x. Suppose x*s - 289*s = -272. Calculate the greatest common divisor of 34 and s.
34
Let p be (-39)/(-52) + (-73)/(-4) + 0. Suppose p*d - 23*d + 380 = 0. Let a be 35 + (d/25 - 4/5). Calculate the highest common divisor of a and 114.
38
Let w(r) = 3*r**2 - 124*r + 1584. Let x be w(14). What is the greatest common factor of x and 4469?
109
Suppose b - 13*n + 11*n - 50 = 0, 4*b + 5*n - 187 = 0. Calculate the greatest common divisor of b and 120.
24
Let a = -6331 + 9539. Suppose -21*u = -1160 - a. What is the greatest common divisor of u and 26?
26
Suppose 3*b = -6*a + 4*a + 8165, -b = -4*a + 16351. Calculate the highest common factor of 268 and a.
67
Suppose 0 = 820*b + 2784 - 69501 - 39883. Suppose 416 = 2*k + 2*k. Calculate the greatest common divisor of b and k.
26
Suppose 43*c = -1261 - 1964. Let a = c - -153. What is the highest common divisor of 12 and a?
6
Let a = -330 + 452. Let t = -120 + a. What is the greatest common factor of 98 and t?
2
Let j(i) = -2*i**3 - 88*i**2 - 94*i - 127. Let q be j(-43). Suppose 5*z - 214 = -59. Calculate the highest common factor of q and z.
31
Suppose -55*u + 47 = -51*u - b, 0 = -u + 5*b - 12. Let c(x) = x**3 - 3*x**2 + 3*x + 4. Let g be c(3). What is the greatest common factor of u and g?
13
Suppose 0 = 3*m - 112 - 116. Suppose -70*k + m = -66*k. What is the highest common factor of k and 817?
19
Suppose -3*n = t + 448 - 2436, 4*n - 2656 = 4*t. Calculate the greatest common divisor of n and 1071.
51
Let a = -13878 + 13914. What is the greatest common divisor of 64 and a?
4
Let c(g) be the second derivative of g**5/20 + 11*g**4/6 - g**3/3 - 20*g**2 - 2*g - 139. Let s be c(-22). Calculate the highest common factor of 1 and s.
1
Let b be (((-110)/(-4))/5)/(10/40). What is the highest common divisor of b and 3674?
22
Suppose 5*i = -k + 60, -3*i + 2*k + 3*k + 36 = 0. Let p = 223 - 218. Suppose 2*c = -p - 1, 4*c + 540 = 4*m. What is the highest common divisor of m and i?
12
Let s = 17 + -12. Suppose 0 = 14*x - 6*x - 24. Suppose -4*r + 48 = 2*f, -s*r - 75 = -x*f + f. Calculate the greatest common factor of 45 and f.
15
Suppose 3*w - 636 = 4*b, -3*w + 654 = 625*b - 623*b. What is the highest common divisor of w and 6600?
24
Let z be (-18)/234 - ((-5)/(-20) - (-121748)/(-208)). What is the highest common divisor of 360 and z?
45
Suppose 12 = 4*c, -n - 3*c - 12 = -6*c. Let o(a) = -43*a + 7. Let f be o(n). Calculate the highest common factor of 17 and f.
17
Let b(k) = k**3 + 17*k**2 + 14*k + 32. Let l be b(-16). Calculate the highest common factor of 192 and l.
64
Suppose 0*g = 3*g + 18. Let j(o) = o**3 + 6*o**2 - 9*o - 22. Let s be j(-7). Let t be s/(g/(-8)*(-7)/21). What is the greatest common factor of 80 and t?
16
Let d be (-3 - -103) + (1 - 2). Let x be 795/53*(12/40)/((-4)/(-8)). What is the greatest common divisor of d and x?
9
Suppose c = 3*h - 128, 2*c = 6*c + 4*h + 448. Let g = -21 - c. Let i = -22 - -41. What is the highest common factor of i and g?
19
Let n(d) = 449*d - 5231. Let f be n(13). What is the greatest common divisor of 6262 and f?
202
Suppose 138*o - 4640 = 17*o + 21496. Calculate the highest common divisor of 192 and o.
24
Let q = -1292 + 2315. What is the greatest common factor of q and 33?
33
Let q(c) = 160*c**2. Let t be q(1). Let f = -244451 + 244691. What is the highest common factor of t and f?
80
Let j(m) = -60*m - 612. Let u be j(-12). Suppose -3*n + 24 = -3*p, 2*n - 5*p - 32 = -n. Calculate the greatest common divisor of u and n.
4
Suppose 135 = 4*p - 101. Let f = 1955 + -1719. What is the highest common factor of f and p?
59
Let s = 74 + -66. Suppose -2*a + 32 = -s. Calculate the greatest common divisor of 140 and a.
20
Let b(h) = -h**3 + 11*h**2 - 11*h + 24. Let z be b(10). Suppose 1908 = -z*x + 16*x. Calculate the greatest common factor of 106 and x.
106
Let j(x) = -x**2 + 14*x - 35. Let g be j(10). Let o(t) = t**3 - 6*t + 4. Let n be o(g). What is the highest common divisor of 18 and n?
9
Let g = 430 + 27926. What is the greatest common divisor of g and 68?
68
Let u be -1 + -3 - (36 - 49). Suppose -3*w + u = -3, g - 2*w - 330 = 0. What is the greatest common factor of g and 26?
26
Let b be (3 + -4)/(((-4)/10024)/1). Calculate the highest common divisor of b and 14.
14
Let r = -22 - 22. Let q = -44 - r. Suppose q*y = 9*y - 108. Calculate the highest common divisor of 24 and y.
12
Suppose 0 = 11*j - 16*j + 4*x + 13072, -3*x = -3*j + 7845. Suppose 39*g + j = 8891. What is the highest common factor of 69 and g?
23
Let u = 9 + 33. Suppose u = -4*g + 18. Let z be (-136)/g + 5/75*5. What is the greatest common factor of 230 and z?
23
Suppose 3*i - 35 = 2*s, i + 2 = 4*s + 57. Let n = s - -97. Suppose -6*b + 0 + n = 0. What is the greatest common divisor of b and 63?
7
Let a(j) = 5*j**2 + 416*j - 193. Let m be a(-85). What is the highest common factor of m and 4732?
52
Suppose -84 = -4*u + u. Let w be (-1 - 0/1)/(u/(-868)). Let o be 4/12 + (-184)/(-6). What is the highest common factor of o and w?
31
Let o be (2/(-10 - -4))/((-4)/(-36)). Let f be (2/o + (-132)/(-9))*22. Calculate the greatest common divisor of f and 28.
28
Suppose 293 = 4*i + d, -4*d + 284 = 4*i - 0*d. Let s = i + -34. Let u = 178 + -138. Calculate the greatest common divisor of u and s.
40
Suppose 298 = -u - 6*m + 430, 5*u + 3*m - 498 = 0. Calculate the greatest common factor of 5784 and u.
24
Let g be (-1544)/(-22) - (8 - 258/33). Let m = 696 - 451. What is the highest common factor of m and g?
35
Let m be (5 - 0) + 0 + -1. Suppose 2*r - 2106 = -m*r. What is the highest common divisor of 9 and r?
9
Suppose 0 = -6*b + 342 - 72. Suppose 0 = -3*u + 3*g + b, -3*u + 21 + 28 = -5*g. Calculate the greatest common divisor of 403 and u.
13
Suppose -1182 = 87*a - 85*a. Let t = -173 - a. What is the greatest common divisor of 19 and t?
19
Let h = 5281 - 4645. Calculate the greatest common divisor of h and 64.
4
Let x(d) = d**3 + 21*d**2 - 28*d - 979. Let c be x(-19). Calculate the greatest common divisor of c and 2225.
25
Suppose -3*m + m = -112. Suppose -2323*g = 5*o - 2319*g - 104, 2*o - 5*g = 101. What is the highest common factor of o and m?
28
Let z(p) = 1420*p + 359. Let r be z(11). Calculate the greatest common factor of r and 19.
19
Suppose 5*p - 13*p - 24 = 0. Let i be (5 + p/((-6)/14))*48. What is the greatest common factor of i and 36?
36
Suppose 3149 = 46*m - 5545. What is the greatest common factor of m and 54?
27
Suppose 0 = -c - 3 + 329. What is the greatest common factor of c and 2?
2
Let i be 4*((-915)/(-12) + 0). Let h = -690 - -751. Calculate the highest common divisor of h and i.
61
Suppose 163*m = -72*m + 3285 + 5. Calculate the greatest common factor of 1589 and m.
7
Let s = 6001 + -5248. What is the greatest common factor of s and 3?
3
Suppose -5*c - 135*u + 1434 = -134*u, 3*u = -18. What is the highest common divisor of c and 342?
18
Let s be 0/3*2/4 + 3. Suppose 8242 = 3*f - 4*z + 3456, f - 1592 = s*z. Calculate the greatest common divisor of 34 and f.
34
Suppose -5*g = 52 - 207. Suppose 2*r = 5*i + 10 - g, 2*i = r + 9. Let t be ((-8)/(-2))/(23/i + -7). Calculate the highest common factor of 66 and t.
6
Let a be 12/32 - ((-5)/(-6) - (-4388406)/(-1584)). What is the highest common factor of a and 20?
10
Suppose 2*j - 330 = 12*o - 10*o, 0 = -2*j - 3*o + 340. Let h = j - 109. Calculate the highest common factor of 58 and h.
58
Suppose -3*y - 746 - 1995 = -2*c, -2*c + 5*y = -2739. Calculate the greatest common divisor of 112 and c.
28
Let v(i) = i**2 + 6*i - 25. Let h be v(30). Suppose x = -36 + 41, -5*o + 5*x + h = 0. Calculate the highest common factor of 108 and o.
108
Let s(j) = 2*j - 41. Let x be s(5). Let b = x + 33. Suppose t - 5*m = 50, b*t - m = -2*t + 124. What is the highest common factor of 70 and t?
10
Let n be (72/32)/(6/16). Suppose -2*r = n, 0*d - r + 24 = d. Let b = -11 + d. Calculate the highest common factor of b and 2.
2
Let p be (-68)/(-18)*-6*6615/(-42). What is the highest common factor of p and 240?
30
Let t(s) = s**3 - 8*s**2 + 9*s - 5. Let x = -27 + 34. L